 remainder when 31236 is divided by 27?
24
Calculate the remainder when 978544 is divided by 322.
308
Calculate the remainder when 85904 is divided by 207.
206
Calculate the remainder when 40859 is divided by 90.
89
What is the remainder when 4179 is divided by 387?
309
What is the remainder when 654477 is divided by 120?
117
What is the remainder when 10509 is divided by 292?
289
Calculate the remainder when 10402 is divided by 186.
172
Calculate the remainder when 100495 is divided by 279.
55
What is the remainder when 3038 is divided by 418?
112
Calculate the remainder when 350 is divided by 115.
5
What is the remainder when 11888 is divided by 702?
656
Calculate the remainder when 2140 is divided by 78.
34
What is the remainder when 871 is divided by 82?
51
What is the remainder when 200952 is divided by 7?
3
What is the remainder when 1473888 is divided by 7?
3
What is the remainder when 11555 is divided by 119?
12
What is the remainder when 1396989 is divided by 14?
13
Calculate the remainder when 6357 is divided by 306.
237
Calculate the remainder when 584663 is divided by 241.
238
What is the remainder when 74296 is divided by 406?
404
Calculate the remainder when 144408 is divided by 14439.
18
Calculate the remainder when 13313 is divided by 266.
13
Calculate the remainder when 974 is divided by 240.
14
Calculate the remainder when 212315 is divided by 149.
139
Calculate the remainder when 19156 is divided by 962.
878
What is the remainder when 238918 is divided by 99?
31
Calculate the remainder when 14016 is divided by 461.
186
What is the remainder when 68191 is divided by 110?
101
Calculate the remainder when 33640 is divided by 647.
643
Calculate the remainder when 2124 is divided by 193.
1
Calculate the remainder when 15673 is divided by 968.
185
Calculate the remainder when 76318 is divided by 159.
157
What is the remainder when 1483 is divided by 326?
179
What is the remainder when 61936 is divided by 1106?
0
What is the remainder when 766553 is divided by 509?
508
What is the remainder when 20669 is divided by 296?
245
What is the remainder when 2282 is divided by 2238?
44
What is the remainder when 478713 is divided by 574?
571
What is the remainder when 39451 is divided by 1356?
127
Calculate the remainder when 88879 is divided by 119.
105
What is the remainder when 25165 is divided by 121?
118
Calculate the remainder when 12848 is divided by 204.
200
Calculate the remainder when 19537 is divided by 1230.
1087
Calculate the remainder when 1916 is divided by 1901.
15
What is the remainder when 8926 is divided by 96?
94
Calculate the remainder when 19424 is divided by 360.
344
Calculate the remainder when 112054 is divided by 9337.
10
What is the remainder when 149015 is divided by 12404?
167
What is the remainder when 198625 is divided by 66189?
58
What is the remainder when 2036 is divided by 3?
2
What is the remainder when 8996 is divided by 1733?
331
Calculate the remainder when 6558 is divided by 1240.
358
Calculate the remainder when 1085 is divided by 45.
5
Calculate the remainder when 5030 is divided by 37.
35
Calculate the remainder when 41795 is divided by 222.
59
Calculate the remainder when 65562 is divided by 410.
372
What is the remainder when 2240 is divided by 1971?
269
What is the remainder when 4588 is divided by 1523?
19
Calculate the remainder when 66824 is divided by 15.
14
What is the remainder when 2543933 is divided by 32?
29
Calculate the remainder when 1176 is divided by 53.
10
What is the remainder when 3349 is divided by 303?
16
Calculate the remainder when 2281 is divided by 91.
6
What is the remainder when 2085 is divided by 7?
6
Calculate the remainder when 995 is divided by 48.
35
What is the remainder when 36027 is divided by 12?
3
Calculate the remainder when 34682 is divided by 52.
50
What is the remainder when 10803 is divided by 10798?
5
What is the remainder when 2548796 is divided by 400?
396
What is the remainder when 633622 is divided by 37?
34
Calculate the remainder when 20467 is divided by 4080.
67
What is the remainder when 31217 is divided by 30?
17
Calculate the remainder when 9726945 is divided by 12.
9
Calculate the remainder when 242033 is divided by 49.
22
Calculate the remainder when 1613 is divided by 384.
77
Calculate the remainder when 339 is divided by 18.
15
Calculate the remainder when 4398 is divided by 1094.
22
What is the remainder when 51741 is divided by 130?
1
Calculate the remainder when 33278 is divided by 105.
98
Calculate the remainder when 49371 is divided by 113.
103
What is the remainder when 11364 is divided by 5674?
16
What is the remainder when 21895 is divided by 152?
7
Calculate the remainder when 16431 is divided by 1082.
201
Calculate the remainder when 89023 is divided by 101.
42
Calculate the remainder when 321563 is divided by 8462.
7
Calculate the remainder when 243453 is divided by 634.
631
What is the remainder when 274792 is divided by 2234?
10
Calculate the remainder when 7055 is divided by 3524.
7
What is the remainder when 17082 is divided by 197?
140
Calculate the remainder when 15477 is divided by 81.
6
Calculate the remainder when 5473522 is divided by 238.
236
Calculate the remainder when 33387 is divided by 189.
123
What is the remainder when 474311 is divided by 100?
11
What is the remainder when 810 is divided by 111?
33
Calculate the remainder when 1448747 is divided by 37.
12
What is the remainder when 524 is divided by 524?
0
Calculate the remainder when 2354 is divided by 111.
23
What is the remainder when 11552 is divided by 94?
84
What is the remainder when 5794 is divided by 216?
178
What is the remainder when 117771 is divided by 18?
15
What is the remainder when 60631 is divided by 166?
41
What is the remainder when 46923 is divided by 1067?
1042
What is the remainder when 20250 is divided by 322?
286
Calculate the remainder when 262 is divided by 12.
10
What is the remainder when 28386 is divided by 51?
30
Calculate the remainder when 2570 is divided by 2561.
9
Calculate the remainder when 891 is divided by 34.
7
What is the remainder when 5432 is divided by 5429?
3
Calculate the remainder when 3443 is divided by 9.
5
What is the remainder when 6424 is divided by 916?
12
What is the remainder when 6793 is divided by 566?
1
Calculate the remainder when 23529 is divided by 171.
102
What is the remainder when 12848 is divided by 4260?
68
Calculate the remainder when 80837 is divided by 389.
314
Calculate the remainder when 286161 is divided by 80.
1
What is the remainder when 872 is divided by 284?
20
What is the remainder when 37929 is divided by 109?
106
Calculate the remainder when 27428 is divided by 3917.
9
What is the remainder when 1233 is divided by 136?
9
What is the remainder when 19621 is divided by 6481?
178
What is the remainder when 13570 is divided by 39?
37
What is the remainder when 38151 is divided by 8?
7
What is the remainder when 2866924 is divided by 1945?
1939
Calculate the remainder when 464288 is divided by 183.
17
What is the remainder when 7207 is divided by 378?
25
What is the remainder when 8967 is divided by 12?
3
Calculate the remainder when 32452 is divided by 7.
0
Calculate the remainder when 22063 is divided by 2203.
33
Calculate the remainder when 4873 is divided by 87.
1
What is the remainder when 548983 is divided by 46?
19
What is the remainder when 1397 is divided by 484?
429
What is the remainder when 752 is divided by 369?
14
Calculate the remainder when 11643 is divided by 56.
51
What is the remainder when 11536 is divided by 678?
10
What is the remainder when 1702717 is divided by 340?
337
What is the remainder when 91701 is divided by 162?
9
Calculate the remainder when 4647 is divided by 1522.
81
Calculate the remainder when 151057 is divided by 231.
214
What is the remainder when 20943 is divided by 36?
27
What is the remainder when 69241 is divided by 47?
10
Calculate the remainder when 5368 is divided by 2544.
280
Calculate the remainder when 15926 is divided by 15925.
1
Calculate the remainder when 2528 is divided by 320.
288
Calculate the remainder when 20455 is divided by 172.
159
What is the remainder when 15707 is divided by 828?
803
Calculate the remainder when 55813 i